e prime factors of (-1)/((-5)/(-10)) + y?
3, 5
Let a = -5 - -7. Let f(w) = w**3 - w - 2. Let u be f(a). Suppose -15 + 3 = -u*r. List the prime factors of r.
3
Let a(u) = 152*u**2 - 2. Let o be a(-1). Let k = -45 + o. List the prime factors of k.
3, 5, 7
Let s = 39 - 30. Let f be (44/(-10))/(3/(-15)). Suppose -s - f = -h. List the prime factors of h.
31
Suppose 1 + 1 = -2*r. Let d be ((-9)/3)/r + -1. Suppose d = 2*v, -2*s - s - 2*v + 32 = 0. What are the prime factors of s?
2, 5
Let h = 10 + -15. Let c(d) = -79*d - 11. Let q be c(h). Suppose 7*y = -y + q. What are the prime factors of y?
2, 3
Suppose 0*h + 3*h = 3*s - 9, -2*h = 0. List the prime factors of 2/s + (-194)/(-6).
3, 11
Let l = 206 - 389. Let b = -66 - l. Suppose -123 = -4*y - f - 2*f, 4*y + 5*f - b = 0. List the prime factors of y.
3, 11
Suppose -5 = -m - 0, 0 = 3*y + 3*m - 21. Let w = 4 + y. List the prime factors of (27 - -5)*w/8.
2, 3
Suppose 4*r - 5*a - 537 = 706, -5*a = -3*r + 926. List the prime factors of r.
317
Let a = 1537 - 698. List the prime factors of a.
839
Let b(k) = k**2 + k. Let r be b(-4). Let l be r/(-9)*-1*3. Suppose -l*h - 5*f = -72 + 13, 2*h - 2*f = 16. What are the prime factors of h?
11
Suppose -68 - 28 = 4*n. Let b(g) = -g - 18. What are the prime factors of b(n)?
2, 3
Let u be (-146 - 4)*3/(-6). Let c = u + -46. List the prime factors of c.
29
Let z = -22 - -28. Suppose 0 = w - z*w + 360. What are the prime factors of w?
2, 3
Let b = 16 - 12. Suppose 0 = -b*h - h. Suppose h = 5*l - 5*x - 120, -2*l = 3*x + 8 - 36. List the prime factors of l.
2, 5
List the prime factors of 4695/12 - ((-138)/24 - -6).
17, 23
Let c(w) = 2*w - 3*w - 8 - 3*w + 1 - w**2. Let r be c(-5). Let x = -1 - r. What are the prime factors of x?
11
Let k be (-7)/7*(-1 - 3). Suppose o + 4*w - 70 = 0, 2*w = -k*o - o + 278. What are the prime factors of o?
2, 3
Let k = 1690 + -9. What are the prime factors of k?
41
Let r(v) = -9*v + 9. Let a = -19 - -27. Let u be r(a). List the prime factors of (u/15)/((-2)/10).
3, 7
Suppose -4*x + 4688 = 2*h, -2*h + 6*x - 2*x = -4696. List the prime factors of h.
2, 3, 17, 23
Suppose 5*o = t + 12865, -1566 = 2*o - 2*t - 6720. List the prime factors of o.
2, 643
Let f(u) be the third derivative of 19*u**4/8 - u**3/6 - 5*u**2. Let t be f(1). Suppose 3*p - t = 1. What are the prime factors of p?
19
Suppose 3*t - 2*t = 2. Let u = 10 + -5. Suppose -t*z = -u*z + 33. List the prime factors of z.
11
Let g(a) = -a**2 + 6*a + 3. Let l be g(7). Suppose 4*t = 4*w + 7 + 1, 2 = -w - t. What are the prime factors of (l - w)*32/(-4)?
2
Let i(h) = h**3 + 25*h**2 + 17*h - 51. List the prime factors of i(-18).
3, 7, 13
Let n = 98 - 26. List the prime factors of n.
2, 3
Suppose 32 + 8 = 5*t. Suppose 2*i = -t + 4. What are the prime factors of 1 + (3 - (i - 3))?
3
Suppose 0 = -219*z + 224*z - 3800. What are the prime factors of z?
2, 5, 19
Let i = -2398 + 4921. What are the prime factors of i?
3, 29
Let w(h) = -1 - 4*h + 9*h**2 + 6 - 7. Let a be w(2). Let t = a + -21. List the prime factors of t.
5
Suppose 3*z + 2929 = 5*j - 1613, -5*j = -z - 4544. List the prime factors of j.
3, 101
Let p(j) = -j**3 + 28*j**2 + 9*j - 44. List the prime factors of p(27).
2, 29
Let q = 4513 + -2193. List the prime factors of q.
2, 5, 29
Let o be 3 + ((1*-8)/4)/2. What are the prime factors of (o - (-729)/12)*4?
251
Let f(s) = s**3 + 4*s**2 - s - 6. Let n be f(-3). Let z be n/9 + 202/(-6). List the prime factors of (-64)/(-11) - 6/z.
2, 3
Suppose -4*l + 5*k = -3861, 3 - 8 = k. What are the prime factors of l?
7, 137
Suppose 0 = -2*z + 3*v - 78, z + 4*z = -5*v - 245. Let s = z + 64. Let a = 30 - s. List the prime factors of a.
11
Let w = -11 + 13. Suppose -4*a + 4*z + 140 = 0, -2*a - 51 + 133 = w*z. What are the prime factors of a?
2, 19
Let n(g) = -g**3 + 8*g**2 + 14. Let s be n(8). Suppose 15 = s*u - 11*u. Suppose 358 = u*o - 0*o + 4*r, 2*r = -5*o + 354. What are the prime factors of o?
2, 5, 7
Let d be (-39)/91 + 1*(-3)/(-7). Let i(b) = -b**3 - 7*b**2 - 8*b + 6. Let c be i(-6). Suppose 6*t - c = -d*t. List the prime factors of t.
3
Let w = 49 + -10. Let z = w + -149. List the prime factors of z/(-15) + 6/9.
2
Let n(c) = -c + 2*c + 1 + 3. Let h be n(0). Suppose -4*f + 112 = h*x + 44, -10 = -2*f + 4*x. List the prime factors of f.
13
Suppose 619 = 10*w - 441. Suppose y + d = 3*d + w, 2*d + 436 = 4*y. List the prime factors of y.
2, 5, 11
Let l(j) = -16*j - 6. Let i be l(-10). Suppose -p + 2*p - i = 3*h, 2*h + p = -96. Let f = -13 - h. What are the prime factors of f?
37
Let m be 2 - 0 - (-32)/16 - 4. Suppose j + 3*w - 42 = m, -1 - 3 = -2*w. What are the prime factors of j?
2, 3
Let q(a) = -a**3 - 2*a - 1. Let u be q(-1). Suppose -n + u - 4 = 0. List the prime factors of (-25)/n*72/20.
3, 5
Suppose p - 3*l = 12, 15 = 3*p - 5*l - 17. Let n = -6 + p. What are the prime factors of n?
3
What are the prime factors of 9/6 - (7887/(-6) - 7)?
3, 7
Let r(o) = -70*o - 11. Suppose -15 = 2*q + 3*q. What are the prime factors of r(q)?
199
Suppose 3*k - 5*y - 486 = 0, 2*k - 435 + 111 = -2*y. List the prime factors of k - 6/(-3 - 0).
2, 41
Let i(f) be the first derivative of f**3/3 - 2*f**2 + 11*f + 10. List the prime factors of i(8).
43
Suppose 0 = -d - 2*d. Suppose -2*w + o = -0*o - 77, d = w - o - 37. What are the prime factors of w?
2, 5
Let x(z) = 59*z**2 - z - 1. Suppose 0*o = -o + i - 3, 5*i = 4*o + 14. What are the prime factors of x(o)?
59
Let d(s) = -s**3 + 17*s**2 + 21*s - 1. Let t be 1/(3/(-6) + 1). Let f be t/(-7) - (-1536)/84. What are the prime factors of d(f)?
53
Let b(k) = -k**3 + 4*k**2 - k + 8. Let j be b(4). Let g be (1 - j - -11)/2. What are the prime factors of 12/(16/g) + 23?
2, 13
Suppose -2*u = -16 + 128. What are the prime factors of (-976)/u - 12/(-21)?
2, 3
Suppose 3 = -3*v + 21. Let x(z) = z - 4. Let t be x(v). Suppose 5*i + t*j = 364, 5*i + 3*j = 357 + 9. List the prime factors of i.
2, 3
Let k be 316/44 - (-3)/((-66)/4). Suppose -11*p + k*p = -340. List the prime factors of p.
5, 17
Let f(u) be the first derivative of -u**2/2 + 3*u - 2. Let i be f(1). Suppose -5*z = -i*z - 18. What are the prime factors of z?
2, 3
Let r = 637 - 281. Suppose 13 = -7*v + r. What are the prime factors of v?
7
Suppose 0 = -5*h - 123 + 33. Let q = h - -22. Suppose -2*c = -74 + q. What are the prime factors of c?
5, 7
Suppose 12*p = 8*p + 3*f + 4261, 0 = 4*p + 3*f - 4243. What are the prime factors of p?
1063
Suppose -16 = -k + 4*k - 5*s, -k + 5*s = 22. Let l be (-2)/(k + -1)*1. Let g(h) = -12*h + 1. What are the prime factors of g(l)?
13
Let d(b) = -b**3 - 7*b**2 - 7*b + 8. Let s be d(-6). Let r(n) = -n**2 - 21*n + 1. Let g be r(-21). Let l = g + s. List the prime factors of l.
3, 5
Suppose -v - 488 = 2*y + 2*y, 619 = -5*y + v. Let q be (3 - 0)/(2/(-46)). Let z = q - y. List the prime factors of z.
2, 3
Suppose v = s + 317, 11*v - s - 959 = 8*v. What are the prime factors of v?
3, 107
Let v = 40 + 37. Let i = v - 49. What are the prime factors of i?
2, 7
Let m(g) = 20*g - 3. Suppose -a + 32 = 3*a. Suppose -8*d = -4*d - a. List the prime factors of m(d).
37
Let t be (-8 + 9)*(-4)/(-1). Suppose -t*k = -0 - 32. What are the prime factors of k?
2
Let j = 30 + -4. Suppose -4*c + 5*x = -j, 3*x = 5*c + 4*x - 18. Suppose -2*r - 4*l + 18 = -r, -c*r = -4*l - 152. List the prime factors of r.
2, 17
Let f = -55 + 410. What are the prime factors of f?
5, 71
Suppose -94*i + 57*i + 21682 = 0. List the prime factors of i.
2, 293
Suppose 10*u = 11*u - o + 675, 2*u - 3*o + 1355 = 0. Let k = -471 - u. List the prime factors of k.
199
Suppose 7*v - 2595 = 2*v. Suppose -7*z + 10*z = v. List the prime factors of z.
173
Let h be (-2 - (4 - 2))*-8. Let j(x) = -x**2 + 4*x - 11. Let k be j(3). Let m = k + h. What are the prime factors of m?
2, 3
What are the prime factors of ((-7)/2)/((-37)/4884)?
2, 3, 7, 11
Let i be (0 + -1)/(3/((-261)/(-3))). List the prime factors of -3 - (-2 + -2) - i.
2, 3, 5
Let b(h) = -24*h - 66. Let d be b(-4). Let r be -1 + 2/(4/6). What are the prime factors of r + d + 12/(-4)?
29
Suppose 8*g - 6*g = 0. Suppose w + b - 87 = g, 0 = -2*w + 5*b + 122 + 24. List the prime factors of w.
83
Let n(c) = -3*c + 2*c + 0*c - 8*c**3 - 3*c**2 - 2 + 4. Let k be n(-2). Suppose 0 = y - 4*p - k, -5*y + 147 = 4*p - 